
5
Let h = -1 + 127. Let t be (2/(-6))/((-3)/h). Let i(d) = 3*d**2 + 4*d - 6. Let n be i(6). Calculate the greatest common factor of t and n.
14
Let h = -29 + 41. What is the greatest common divisor of h and 96?
12
Let l(z) = -31*z - 5. Suppose 0 = 3*w - 4 + 13. Let q be l(w). Calculate the greatest common divisor of q and 8.
8
Let w(g) = g**3 - 18*g**2 + 18*g - 7. Let j be w(17). Calculate the highest common divisor of 20 and j.
10
Let p(h) = h**2 + 31*h + 98. Let m be p(-28). Let d = -7 + 14. Let g = 133 - d. What is the highest common divisor of g and m?
14
Suppose 2*v - 5*i - 3 = -0, 0 = 5*v - i - 42. What is the greatest common divisor of 18 and v?
9
Let a(w) = w**3 + 5*w**2 - 8*w + 3. Let z be a(-6). Calculate the greatest common divisor of z and 3.
3
Let y = 6 + -2. Suppose 2*d - y*q + 1 - 5 = 0, 0 = -5*d + 5*q + 20. Let h = 125 + -77. What is the greatest common divisor of h and d?
6
Suppose 6*n = 10*n - 2*i - 80, -2*n + 2*i + 36 = 0. Suppose -6 - 12 = -9*r. What is the greatest common factor of r and n?
2
Let o(n) = -n**3 + 7*n**2 + 9*n + 5. Suppose 0*d - 24 = -3*d. Let w be o(d). Calculate the highest common divisor of 65 and w.
13
Let h be (-1)/9 + (-16654)/(-198). What is the highest common divisor of 6 and h?
6
Suppose -3*w + 2*w = -4. Let f be 7/1 - 3/3. Calculate the highest common factor of w and f.
2
Let t = -6 + 15. Let i = 17 - -19. Calculate the highest common divisor of t and i.
9
Suppose -3*j = -2*i + 82, -2*i = 5*j - 4*i + 142. Let u = 46 + j. What is the greatest common factor of 16 and u?
16
Let r(q) = q**2 + q - 21. Let i be r(0). Let j = 42 + i. Suppose -n = -177 - j. What is the highest common divisor of n and 18?
18
Suppose 0 = -2*x + 188 - 76. Calculate the highest common divisor of 7 and x.
7
Let f = 6 + -6. Suppose 0*n - n + 5 = f. Suppose t - 5*i = 16, -29 = -4*t + n*i + 35. What is the greatest common factor of t and 2?
2
Suppose 0*q + 4*q = 52. Calculate the highest common factor of 104 and q.
13
Let l be 4/(-10) + (-1819)/(-85). Suppose 0*q + l = p + 4*q, -5*q + 25 = 0. What is the highest common factor of p and 5?
1
Suppose -3*c + 174 = 3*z, 2*z - 122 = -2*c + 3*c. Let m = z - 40. What is the greatest common divisor of m and 30?
10
Let x(r) = 10*r**2 - r. Suppose -4 = 2*z - 4*z. Suppose d = -4*m + 13, z*m - 8 = d - m. Let g be x(d). What is the highest common divisor of 63 and g?
9
Suppose 4*z = x - 31, -3*z = 3*x - 6*x + 48. Suppose -22*g + 18*g + 308 = 0. Calculate the greatest common factor of g and x.
11
Let o be 2 + -4 + -1 - 0. Let y be (-16)/(-3) - 2/o. Let r be 56/y*3*4. Calculate the greatest common factor of 14 and r.
14
Suppose 0 = -p - 4, -3 = 3*s - p - 91. Suppose 0 = -4*w + 20 + s. Let x be 3/(-18) + 74/w. What is the highest common factor of x and 60?
6
Suppose 6*u - 2*u = 56. Calculate the greatest common divisor of u and 77.
7
Suppose 0 = 5*v - v - 496. Suppose 3*f = -i + v, -2*f + 4*i + 90 = i. Calculate the highest common divisor of 14 and f.
14
Suppose -3*l + 24 = 3*l. What is the highest common divisor of l and 8?
4
Let r be (218/(-6))/((-2)/(-6)). Let x = -54 - r. Let p(f) = 2*f**2 - 13*f + 4. Let v be p(7). Calculate the highest common factor of x and v.
11
Let g = 6 + -4. Let q = g - -6. Let o be 20/(2*1/4). Calculate the highest common divisor of q and o.
8
Let v be (-10)/60 + (-2)/((-12)/37). What is the highest common factor of v and 6?
6
Let o be 9 - (3/(-3) + 4). Let v(k) = -k**2 + 9*k - 3. Let p be v(6). Let q be p*(-4)/(-6) + -1. What is the greatest common factor of q and o?
3
Suppose 4*w = 3*p + 60, 5*p + 3 = -w - 5. Let f = 110 + -74. What is the highest common factor of f and w?
12
Let x(j) = -j**2 - 3*j + 38. Let i be x(-5). What is the greatest common factor of 308 and i?
28
Suppose 3*t = -t + 16. Let y be 5/(-3)*(-11 - t). Calculate the highest common factor of 10 and y.
5
Let m be 6 + (-4)/(-4) - 0. Calculate the highest common divisor of m and 7.
7
Suppose -44 = 5*j + 36. Let k be (-478)/(-8) + (-4)/j. What is the highest common factor of 12 and k?
12
Let s = 15 + 9. What is the greatest common factor of s and 168?
24
Suppose 4*l = -35 + 203. What is the greatest common divisor of l and 21?
21
Let x = 145 + -89. Suppose -2*q = -0*a - 2*a - 14, -4*a = -5*q + 35. Calculate the greatest common factor of x and q.
7
Suppose -w + 86 = 5*p - 5*w, 3*w - 58 = -5*p. Suppose 0 = 2*l + 2*a - 22, 3*a + 13 + 38 = 3*l. Calculate the greatest common divisor of l and p.
14
Let f = -284 + 449. What is the greatest common factor of f and 66?
33
Let h be (92 + 22)*(-2)/(-4). Let k be -1 + 4*5 + 0. What is the highest common factor of h and k?
19
Suppose 2*a + 2 = 4*z, -2*a = -7*a + 3*z - 5. Let o(u) = -135*u. Let y be o(a). What is the greatest common factor of y and 15?
15
Let r(o) = 6*o - 22. Let s be r(5). Calculate the greatest common divisor of s and 2.
2
Suppose -2*t + 4 = -2. Suppose 5*u = -t*i + 24, 17 - 1 = u - 5*i. Let w be 1/(-2) + 21/u. What is the highest common divisor of 9 and w?
3
Suppose 0 = 5*b + 4*w - 49, 4*b + 2*w - 35 = 3*w. What is the highest common factor of 81 and b?
9
Suppose b = -4*f + 16 + 68, 5*f = -b + 104. What is the greatest common divisor of f and 5?
5
Suppose 3*c = -2*h - 91, 2*c - 5*h + 0*h + 86 = 0. Let d be 210/4 - 3/6. Let o = d + c. What is the highest common divisor of 95 and o?
19
Let u(v) = -v**3 - 5*v**2 - 6*v - 6. Let o be u(-5). Suppose -2*l + 0*l = -16. Calculate the greatest common divisor of l and o.
8
Let d = 8 + -4. Suppose 0 = 4*g - d*c - 132, 0 = -3*c - 7 - 2. What is the greatest common divisor of g and 6?
6
Let w be 500/((-6 + 16)/5). What is the greatest common factor of 100 and w?
50
Let d be (-2)/2 + (7 - -6). What is the highest common factor of d and 24?
12
Let q be 9/(3 + -1 - 1). Let t be ((-30)/(-25))/(4/30). What is the greatest common factor of q and t?
9
Let t be 8/(-12)*3 - -13. Calculate the highest common divisor of t and 11.
11
Suppose z = 4*z - 18. Suppose -4*r = -z*r + 10. Calculate the greatest common factor of r and 2.
1
Let z be -5*(48/(-20) - (-1)/1). Calculate the highest common divisor of 49 and z.
7
Let v = 6 - -11. Let i(b) = b**3 - 14*b**2 + 14*b - 8. Let s be i(13). Let c = v - s. What is the highest common divisor of c and 24?
12
Let z = 64 - 28. What is the highest common divisor of 18 and z?
18
Let c = 51 + -41. Let h(a) = -6*a - 1. Let s be h(-2). Let j be s*2*(5 - 0). What is the greatest common factor of c and j?
10
Let v(d) = d. Let b be v(6). Calculate the highest common factor of 66 and b.
6
Suppose 3*y + 3*v = 132, 4*y + 2*v - 215 + 41 = 0. What is the greatest common factor of 301 and y?
43
Let x = 386 + -254. What is the greatest common factor of 33 and x?
33
Let a = -99 - -105. What is the highest common divisor of 12 and a?
6
Let w be (6/9)/(2/6). Suppose 2*j + 2 = 8. Suppose 4*m - 4 = j*m. Calculate the greatest common factor of w and m.
2
Let r(a) be the second derivative of a**4/12 + a**2 - 3*a. Let f be r(-6). What is the greatest common divisor of 57 and f?
19
Let c = 10 + -17. Let i = 21 + c. Calculate the highest common divisor of i and 14.
14
Suppose 5*y = 4*x + 18, 0*y + 5*x = -3*y - 4. Suppose -3*t - 38 = -6*t + 5*b, 0 = 2*t - y*b - 20. Calculate the highest common factor of 6 and t.
6
Suppose 5*l - 26 = 3*r + 5, 4*r = 2*l - 18. Let h be l + (-12)/(2*-2). Let c = 4 + 4. What is the greatest common divisor of h and c?
8
Suppose -z = -3*v - 8, 0*v - 104 = -5*z - v. What is the greatest common factor of 60 and z?
20
Suppose -w + 1 + 0 = 0, n + 2 = 4*w. Suppose 2*a + y - 11 = -n*a, 3*y = -15. Calculate the highest common factor of 4 and a.
4
Let b be (-4)/(-6) + (-2)/3. Suppose 4*z = -3*k + 215, z = -b*z - 5*k + 41. What is the greatest common divisor of z and 8?
8
Let u = 16 - 1. What is the greatest common divisor of u and 10?
5
Let i(v) = v**3 - 9*v**2 + 6. Let u be i(9). Suppose u*r - r = 55. What is the highest common factor of 44 and r?
11
Suppose -5*g + 55 = -3*q - 2*q, -5*q = 3*g - 41. Let m = g + -6. Calculate the greatest common factor of 66 and m.
6
Suppose 5*t - 11 = 4. What is the greatest common divisor of t and 39?
3
Suppose 4*t - 8 = 2*t. Let w be 17*(2 - (-2 - t)). What is the greatest common factor of w and 17?
17
Let h(r) = 2*r**2 - 5*r - 4. Let p = -4 - -8. Let u